129.
128
What is the remainder when 188173 is divided by 65?
63
Calculate the remainder when 728885 is divided by 6125.
10
What is the remainder when 18266 is divided by 37?
25
What is the remainder when 2210 is divided by 160?
130
What is the remainder when 1697 is divided by 1454?
243
Calculate the remainder when 1889 is divided by 153.
53
Calculate the remainder when 577 is divided by 90.
37
Calculate the remainder when 23590 is divided by 24.
22
Calculate the remainder when 1784 is divided by 211.
96
What is the remainder when 10701 is divided by 404?
197
Calculate the remainder when 6981 is divided by 771.
42
What is the remainder when 259871 is divided by 21?
17
Calculate the remainder when 505237 is divided by 24.
13
Calculate the remainder when 3231 is divided by 148.
123
What is the remainder when 6924 is divided by 985?
29
What is the remainder when 26686 is divided by 123?
118
What is the remainder when 501764 is divided by 43?
40
What is the remainder when 781 is divided by 299?
183
What is the remainder when 34770 is divided by 319?
318
What is the remainder when 88375 is divided by 1451?
1315
What is the remainder when 52777 is divided by 52766?
11
Calculate the remainder when 85373 is divided by 55.
13
Calculate the remainder when 57327 is divided by 9.
6
Calculate the remainder when 53504 is divided by 418.
0
Calculate the remainder when 111009 is divided by 144.
129
What is the remainder when 2623 is divided by 653?
11
What is the remainder when 4110 is divided by 80?
30
Calculate the remainder when 65314 is divided by 230.
224
Calculate the remainder when 3349 is divided by 357.
136
What is the remainder when 903 is divided by 867?
36
What is the remainder when 1145 is divided by 457?
231
What is the remainder when 10698 is divided by 41?
38
What is the remainder when 38909 is divided by 164?
41
What is the remainder when 225958 is divided by 112975?
8
What is the remainder when 21658 is divided by 16?
10
Calculate the remainder when 494 is divided by 67.
25
Calculate the remainder when 4143 is divided by 990.
183
Calculate the remainder when 9034 is divided by 2981.
91
What is the remainder when 25269 is divided by 47?
30
Calculate the remainder when 64786 is divided by 418.
414
What is the remainder when 25716 is divided by 8497?
225
Calculate the remainder when 217864 is divided by 54463.
12
Calculate the remainder when 32788 is divided by 2518.
54
Calculate the remainder when 54323 is divided by 39.
35
What is the remainder when 318787 is divided by 444?
439
Calculate the remainder when 2417903 is divided by 35.
33
What is the remainder when 109087 is divided by 90?
7
Calculate the remainder when 4274974 is divided by 203.
200
What is the remainder when 2663 is divided by 132?
23
What is the remainder when 113843 is divided by 1603?
30
Calculate the remainder when 37654 is divided by 7529.
9
Calculate the remainder when 1405 is divided by 233.
7
What is the remainder when 1145 is divided by 333?
146
Calculate the remainder when 141666 is divided by 243.
240
Calculate the remainder when 17878 is divided by 69.
7
Calculate the remainder when 7651 is divided by 3399.
853
What is the remainder when 65532 is divided by 128?
124
Calculate the remainder when 74702 is divided by 7469.
12
What is the remainder when 2029 is divided by 709?
611
What is the remainder when 875 is divided by 158?
85
Calculate the remainder when 2044 is divided by 32.
28
What is the remainder when 6356 is divided by 66?
20
What is the remainder when 19377 is divided by 510?
507
Calculate the remainder when 1162 is divided by 122.
64
Calculate the remainder when 2318 is divided by 55.
8
Calculate the remainder when 4280 is divided by 32.
24
What is the remainder when 30450 is divided by 434?
70
Calculate the remainder when 81916 is divided by 69.
13
Calculate the remainder when 4943 is divided by 2461.
21
Calculate the remainder when 332541 is divided by 48.
45
Calculate the remainder when 11563 is divided by 39.
19
Calculate the remainder when 15710 is divided by 503.
117
Calculate the remainder when 41539 is divided by 188.
179
What is the remainder when 189249 is divided by 189247?
2
What is the remainder when 6026 is divided by 85?
76
What is the remainder when 3553 is divided by 1734?
85
Calculate the remainder when 5092 is divided by 157.
68
What is the remainder when 79269 is divided by 659?
189
Calculate the remainder when 27438 is divided by 39.
21
What is the remainder when 1957 is divided by 972?
13
What is the remainder when 247170 is divided by 2247?
0
Calculate the remainder when 67448 is divided by 813.
782
What is the remainder when 20651 is divided by 1276?
235
Calculate the remainder when 34069 is divided by 501.
1
Calculate the remainder when 1181 is divided by 584.
13
Calculate the remainder when 400741 is divided by 200361.
19
What is the remainder when 6803 is divided by 92?
87
What is the remainder when 5291 is divided by 28?
27
Calculate the remainder when 13835 is divided by 120.
35
What is the remainder when 315097 is divided by 115?
112
What is the remainder when 2309 is divided by 461?
4
Calculate the remainder when 3109 is divided by 1381.
347
Calculate the remainder when 97558 is divided by 40.
38
What is the remainder when 34604 is divided by 66?
20
What is the remainder when 153823 is divided by 1654?
1
What is the remainder when 49043 is divided by 10?
3
What is the remainder when 19867 is divided by 56?
43
Calculate the remainder when 29373 is divided by 1726.
31
What is the remainder when 5454 is divided by 351?
189
What is the remainder when 7125 is divided by 245?
20
What is the remainder when 6044 is divided by 862?
10
Calculate the remainder when 2032 is divided by 989.
54
Calculate the remainder when 1448287 is divided by 87.
85
What is the remainder when 148145 is divided by 49376?
17
What is the remainder when 903 is divided by 129?
0
What is the remainder when 54294 is divided by 9045?
24
Calculate the remainder when 1633 is divided by 519.
76
Calculate the remainder when 98189 is divided by 18.
17
What is the remainder when 1100476 is divided by 80?
76
What is the remainder when 471 is divided by 163?
145
What is the remainder when 577597 is divided by 8?
5
What is the remainder when 19995 is divided by 66?
63
What is the remainder when 562519 is divided by 820?
819
Calculate the remainder when 1460 is divided by 498.
464
What is the remainder when 108936 is divided by 171?
9
What is the remainder when 18399 is divided by 400?
399
What is the remainder when 115790 is divided by 1754?
26
Calculate the remainder when 78198 is divided by 37.
17
What is the remainder when 13806 is divided by 10?
6
Calculate the remainder when 12430 is divided by 56.
54
What is the remainder when 2950 is divided by 2892?
58
What is the remainder when 51754 is divided by 690?
4
Calculate the remainder when 1469 is divided by 468.
65
Calculate the remainder when 22936 is divided by 148.
144
What is the remainder when 7136 is divided by 907?
787
Calculate the remainder when 823679 is divided by 264.
263
Calculate the remainder when 39717 is divided by 4410.
27
Calculate the remainder when 202646 is divided by 1185.
11
What is the remainder when 1838 is divided by 447?
50
What is the remainder when 562 is divided by 154?
100
What is the remainder when 1683177 is divided by 270?
267
Calculate the remainder when 3593 is divided by 1751.
91
What is the remainder when 245490 is divided by 8465?
5
Calculate the remainder when 211033 is divided by 1105.
1083
Calculate the remainder when 138 is divided by 87.
51
Calculate the remainder when 11432 is divided by 234.
200
What is the remainder when 15766 is divided by 44?
14
What is the remainder when 6443 is divided by 373?
102
Calculate the remainder when 62643 is divided by 176.
163
Calculate the remainder when 297059 is divided by 51.
35
Calculate the remainder when 330804 is divided by 10.
4
What is the remainder when 239012 is divided by 7028?
60
Calculate the remainder when 1319096 is divided by 25.
21
What is the remainder when 47159 is divided by 159?
95
What is the remainder when 7810 is divided by 16?
2
Calculate the remainder when 12043 is divided by 5850.
343
What is the remaind